411?
41404
In base 5, what is 23141 - -4?
23200
In base 9, what is -62 + 6158?
6086
In base 11, what is 2a333 + -31?
2a302
In base 14, what is 366 - 1011?
-a89
In base 2, what is -100 + -10011001101?
-10011010001
In base 5, what is -11421 - -144?
-11222
In base 3, what is -1201 + -112012010?
-112020211
In base 11, what is -4387a + -3?
-43882
In base 15, what is 11 - 864?
-853
In base 2, what is 1100 + -1000010110100?
-1000010101000
In base 8, what is -6006227 + -2?
-6006231
In base 7, what is 56524 + -50?
56444
In base 14, what is 248c - 21?
246b
In base 4, what is -1100 - -101000?
33300
In base 16, what is 582f - 16?
5819
In base 10, what is -7513 - 2?
-7515
In base 14, what is 4 - 6a40?
-6a3a
In base 15, what is -1 - 57b3?
-57b4
In base 5, what is 204242 + 4334?
214131
In base 4, what is -22 - 1013222323?
-1013223011
In base 15, what is -54d + -2b?
-579
In base 11, what is 17938 + -6?
17932
In base 16, what is -7a - ef?
-169
In base 13, what is 22 + -3714?
-36c2
In base 13, what is -362cc1 - 6?
-362cc7
In base 7, what is -12552 + 5?
-12544
In base 16, what is b30 - -3?
b33
In base 12, what is 30a0 + 1b?
30bb
In base 8, what is -37 + -10624?
-10663
In base 15, what is -5 + -89d5?
-89da
In base 13, what is -4 - -28476?
28472
In base 14, what is -61 + 12019?
11d98
In base 9, what is 3 + 15255?
15258
In base 14, what is b9a9 + 3?
b9ac
In base 11, what is 1 + 53302?
53303
In base 13, what is -84 - -7aa?
726
In base 9, what is -1121583 + -2?
-1121585
In base 13, what is -9b + 6?
-95
In base 4, what is -13 - -111232?
111213
In base 3, what is -110220220211 - 0?
-110220220211
In base 15, what is 28 - -177d?
17a6
In base 6, what is 3122430 - 0?
3122430
In base 3, what is -2122 - 100221012?
-101000211
In base 14, what is 9 - -b3344?
b334d
In base 5, what is -200102 + -12?
-200114
In base 8, what is -433 - 26631?
-27264
In base 2, what is -1000111000111110 - -101010?
-1000111000010100
In base 8, what is -175122 - -5?
-175115
In base 7, what is 250253 - 16?
250234
In base 5, what is 13 - 131420?
-131402
In base 14, what is 1b6 + 18a4?
1a7a
In base 8, what is -35270 - 5?
-35275
In base 6, what is -40342 - -10?
-40332
In base 2, what is -100010011000101 - -11?
-100010011000010
In base 2, what is 100 + -1001101110001100110?
-1001101110001100010
In base 10, what is -61 - 109?
-170
In base 6, what is 10 - -3544112?
3544122
In base 4, what is 3 + 12203132?
12203201
In base 9, what is 241 + 14414?
14655
In base 13, what is -104b + -16?
-1064
In base 11, what is 7 - -1845?
1851
In base 4, what is -133 + 213111333?
213111200
In base 11, what is -5 + -856?
-860
In base 9, what is -1843 + -1672?
-3625
In base 4, what is 11330 - 1010111?
-332121
In base 12, what is 17a + 147?
305
In base 6, what is 134432 + -51?
134341
In base 6, what is -352325 + -33?
-352402
In base 6, what is -115301332 + -3?
-115301335
In base 7, what is -1043064 - -5?
-1043056
In base 15, what is -174 + 6e?
-105
In base 14, what is 15cd - -13?
1602
In base 3, what is 20 + -11102211?
-11102121
In base 16, what is -5cd - 1a?
-5e7
In base 9, what is 5 + 1042028?
1042034
In base 7, what is -21 - -2065?
2044
In base 8, what is 2 - -21552?
21554
In base 6, what is 2104500 + -5?
2104451
In base 8, what is -41 - 16764?
-17025
In base 5, what is -40 - -33112?
33022
In base 14, what is -3 + 99274?
99271
In base 9, what is -2 - -38263?
38261
In base 3, what is -22022 - -10010?
-12012
In base 9, what is 172 + 381?
563
In base 8, what is 2312304 - -3?
2312307
In base 14, what is -58 - 2db4?
-302c
In base 14, what is -4d96d - 5?
-4d974
In base 10, what is 2 - -43586?
43588
In base 2, what is 10 + 11000001110001?
11000001110011
In base 16, what is 8 - 3b1?
-3a9
In base 10, what is -5 - 33202?
-33207
In base 7, what is -14662526 - -1?
-14662525
In base 7, what is -236 - 5401?
-5640
In base 8, what is -135 - -52?
-63
In base 14, what is a + 7?
13
In base 15, what is 2 - -51888?
5188a
In base 16, what is 16e2f - 5?
16e2a
In base 4, what is 1301311 - 30?
1301221
In base 4, what is -1312 + 233?
-1013
In base 15, what is e4b - 21?
e2a
In base 15, what is -5 + -10bb?
-10c1
In base 16, what is 4 - b3b5?
-b3b1
In base 13, what is 145 - -448?
590
In base 16, what is 2589 + -122?
2467
In base 15, what is 2 - 2a721?
-2a71e
In base 5, what is -30002 - 2201?
-32203
In base 10, what is 4 + 6182?
6186
In base 6, what is 4 - -255303?
255311
In base 15, what is -4c436 + -3?
-4c439
In base 4, what is 3 + 21313100?
21313103
In base 16, what is 3 + 1db8?
1dbb
In base 7, what is 266056 - 11?
266045
In base 9, what is 25115 - -3?
25118
In base 2, what is 10 + -111010001011?
-111010001001
In base 2, what is -101 + -100010000011001?
-100010000011110
In base 12, what is -10589 - -4?
-10585
In base 4, what is 1031310 + 10?
1031320
In base 16, what is -6402 + 1b?
-63e7
In base 15, what is -1 - -1e45?
1e44
In base 16, what is 593a + 1?
593b
In base 5, what is 31 - -21001?
21032
In base 15, what is -89 + 185?
eb
In base 7, what is -43366 + -4?
-43403
In base 8, what is -2034 - -1264?
-550
In base 8, what is 24 + 1232067?
1232113
In base 5, what is -1401 + -14443?
-21344
In base 12, what is 384 + -29?
357
In base 10, what is -84252 - 9?
-84261
In base 12, what is 51ba8 + -2?
51ba6
In base 15, what is -1a9 - 929?
-ad3
In base 12, what is -92 + 168?
96
In base 3, what is -11211120 - -1112?
-11210001
In base 9, what is -1 + 4057?
4056
In base 6, what is 301 - 132001?
-131300
In base 11, what is 94 - 499?
-405
In base 5, what is 2322021 + -3?
2322013
In base 12, what is 4 + 24b4?
24b8
In base 13, what is -b2c - 93?
-bc2
In base 14, what is 3912 - 67?
3889
In base 5, what is 10 + 33231?
33241
In base 6, what is -41530 + -30?
-42000
In base 3, what is -21122 - 11?
-21210
In base 13, what is 563 + -c?
554
In base 11, what is 4 - -170955?
170959
In base 4, what is 303031 - -3003?
312100
In base 8, what is -314 - -3116?
2602
In base 14, what is 1 + -7b6b?
-7b6a
In base 10, what is -1970 - -1?
-1969
In base 15, what is 34c - -5e?
3ab
In base 13, what is -71 + 57c6?
5755
In base 9, what is -1017 + -160?
-1177
In base 12, what is -5 - a76b?
-a774
In base 3, what is 1 + 120202002201?
120202002202
In base 12, what is 1 - 10736b?
-10736a
In base 12, what is 187785 + -9?
187778
In base 5, what is 1020033020 - -3?
1020033023
In base 7, what is 105 + -5434?
-5326
In base 6, what is -21 - -115311?
115250
In base 14, what is 106 - -218?
320
In base 7, what is -35113 - -25?
-35055
In base 2, what is -101000110 - 1011001?
-110011111
In base 12, what is -1468 + 7?
-1461
In base 13, what is 0 - -9084?
9084
In base 3, what is -11 - 1011100211210?
-1011100211221
In base 4, what is -22 - 11113112?
-11113200
In base 2, what is 11010100010 - 110?
11010011100
In base 8, what is -301 - 6154?
-6455
In base 15, what is 52 + -85?
-33
In base 2, what is 101100101010101001 - 10?
101100101010100111
In base 7, what is -1425444 - 4?
-1425451
In base 6, what is -22 + -121450?
-121512
In base 9, what is 3 + -22428?
-22425
In base 9, what is -214737 + 2?
-214735
In base 14, what is 157b + 11?
158c
In base 15, what is 9324 - d?
9316
In base 14, what is 1742d + 26?
17455
In base 14, what is 5b + -54?
7
In base 14, what is 69d3 - -1?
69d4
In base 2, what is 11 + 10110000001100?
10110000001111
In base 4, what is -33 + -13321?
-20020
In base 14, what is -cb54 - 2?
-cb56
In base 11, what is -3 - -1402?
13aa
In base 2, what is 1011001101111111111101 + -100?
1011001101111111111001
In base 14, what is -1c5c28 - 3?
-1c5c2b
In base 3, what is -2000 + -100200?
-102200
In base 4, what is 1231333113 - 2?
1231333111
In base 2, what is -101 - -10001010100111?
10001010100010
In base 7, what is -1162 + -2361?
-3553
In base 14, what is -4 + 47d82?
47d7c
In base 12, what is -3970 + -42?
-39b2
In base 12, what is -16 + -268?
-282
In base 3, what is -2 - 2110002021?
-2110002100
In base 11, what is -164a88 + -2?
-164a8a
In base 12, what is -11199 - -93?
-11106
In base 2, what is 1 - 10010010000011010100?
-10010010000011010011
In base 13, what is -26ac8 + -3?
-26acb
In base 10, what is -40 + 39213?
39173
In base 6, what is -115422 - -32?
-115350
In base 3, what is 10 + 2102022110?
2102022120
In base 11, what is 5158 + 12?
516a
In base 14, what is -15 - -62ab?
6296
In base 7, what is 2 + 355315?
355